{"id":69,"date":"2016-06-07T10:33:24","date_gmt":"2016-06-07T10:33:24","guid":{"rendered":"http:\/\/www.quantum-technology.gr\/?page_id=69"},"modified":"2021-04-08T11:05:42","modified_gmt":"2021-04-08T11:05:42","slug":"publications-2","status":"publish","type":"page","link":"https:\/\/www.quantum-technology.gr\/index.php\/publications-2\/","title":{"rendered":"Publications"},"content":{"rendered":"<p><strong>2020<\/strong><\/p>\n<ul>\n<li><em>Controlling the dipole blockade and ionization rate of Rydberg atoms in strong electric fields,\u00a0<\/em>M. Stecker, R. Nold, L.-M. Steinert, J. Grimmel, D. Petrosyan, J. Fort\u00e1gh, A. G\u00fcnther, <a href=\"https:\/\/doi.org\/10.1103\/PhysRevLett.125.103602\" target=\"_blank\" rel=\"noopener noreferrer\">Phys. Rev. Lett. <strong>125<\/strong>, 103602 (2020)<\/a>.<\/li>\n<li><em>Coherent population oscillations and an effective spin-exchange interaction in a PT symmetric polariton mixture, <\/em>P. A. Kalozoumis, G. M. Nikolopoulos, D. Petrosyan,\u00a0<a href=\"https:\/\/doi.org\/10.1209\/0295-5075\/129\/37003\" target=\"_blank\" rel=\"noopener noreferrer\">Europhys. Lett. <strong>129<\/strong>, 37003 (2020)<\/a>.<\/li>\n<li><em>Coherent router for quantum networks with superconducting qubits, <\/em>K. S. Christensen, S. E. Rasmussen, D. Petrosyan, N. T. Zinner, <a href=\"https:\/\/doi.org\/10.1103\/PhysRevResearch.2.013004\" target=\"_blank\" rel=\"noopener noreferrer\">Phys. Rev. Research <b>2<\/b>, 013004 (2020)<\/a><\/li>\n<li><em>Information-Theoretically Secure Data Origin Authentication with Quantum and Classical Resources<\/em>, G. M. Nikolopoulos, M. Fischlin,\u00a0<a href=\"https:\/\/doi.org\/10.3390\/cryptography4040031\" target=\"_blank\" rel=\"noopener noreferrer\">Cryptography 4, \u00a031 (2020)<\/a>.<\/li>\n<\/ul>\n<p><strong>2019<\/strong><\/p>\n<ul>\n<li><em>Realization of efficient quantum gates with a superconducting qubit-qutrit circuit, <\/em>T. B\u00e6kkegaard, L. B. Kristensen, N. J. S. Loft, C. K. Andersen, D. Petrosyan, N. T. Zinner, <a href=\"https:\/\/doi.org\/10.1038\/s41598-019-49657-1\" target=\"_blank\" rel=\"noopener noreferrer\"><i>Sci. Rep. <\/i><b>9<\/b>, 13389 (2019).<\/a><\/li>\n<li><em>Microwave to optical conversion with atoms on a superconducting chip, <\/em>D. Petrosyan, K. M\u00f8lmer, J. Fort\u00e1gh, M. Saffman, <a href=\"https:\/\/dx.doi.org\/10.1088\/1367-2630\/ab307c\" target=\"_blank\" rel=\"noopener noreferrer\"><i>New J. Phys. <\/i><b>21<\/b>, 073033 (2019)<\/a><\/li>\n<li>\n<div><em>Cryptographic one-way function based on boson sampling<\/em>, Georgios M. Nikolopoulos,<\/div>\n<div><a href=\"https:\/\/doi.org\/10.1007\/s11128-019-2372-9\" target=\"_blank\" rel=\"noopener noreferrer\">Quantum Inf. Process.\u00a0<strong>18<\/strong>, 259 (2019)<\/a>.<\/div>\n<\/li>\n<li>\n<div class=\"title\"><em>Optical scheme for cryptographic commitments with physical unclonable keys,\u00a0<\/em><\/div>\n<div>Georgios M. Nikolopoulos,\u00a0<a href=\"https:\/\/doi.org\/10.1364\/OE.27.029367\" target=\"_blank\" rel=\"noopener noreferrer\">Optics Express <strong>27<\/strong>, 29367 (2019)<\/a>.<\/div>\n<\/li>\n<li>\n<div class=\"title\"><em>Intercept-Resend Emulation Attacks against a Continuous-Variable Quantum Authentication Protocol with Physical Unclonable Keys,\u00a0<\/em>L. Fladung, G. M. Nikolopoulos, G. Alber, M. Fischlin,\u00a0<a href=\"https:\/\/doi.org\/10.3390\/cryptography3040025\" target=\"_blank\" rel=\"noopener noreferrer\">Cryptography\u00a0<strong>3<\/strong>, \u00a025 (2019)<\/a>.<\/div>\n<\/li>\n<\/ul>\n<p><strong>2018<\/strong><\/p>\n<ul>\n<li><em>Deterministic free-space source of single photons using Rydberg atoms, <\/em>D. Petrosyan, K. M\u00f8lmer, <a href=\"https:\/\/doi.org\/10.1103\/PhysRevLett.121.123605\" target=\"_blank\" rel=\"noopener noreferrer\"><i>Phys. Rev. Lett. <\/i><b>121<\/b>, 123605 (2018).<\/a><\/li>\n<li><em>Mobile bound states of Rydberg excitations in a lattice, <\/em>F. Letscher, D. Petrosyan, <a href=\"https:\/\/doi.org\/10.1103\/PhysRevA.97.043415\" target=\"_blank\" rel=\"noopener noreferrer\"><i>Phys. Rev. A <\/i><b>97<\/b>, 043415 (2018)<\/a><\/li>\n<li><em>Controllability in tunable chains of coupled harmonic oscillators, <\/em>L. F. Buchmann, K. M\u00f8lmer, D. Petrosyan, <a href=\"https:\/\/doi.org\/10.1103\/PhysRevA.97.042111\" target=\"_blank\" rel=\"noopener noreferrer\"><i>Phys. Rev. A <\/i><b>97<\/b>, 042111 (2018).<\/a><\/li>\n<li><em>Faithful state transfer between two-level systems via an actively cooled finite-temperature cavity, <\/em>L. S\u00e1rk\u00e1ny, J. Fort\u00e1gh, D. Petrosyan, <a href=\"https:\/\/doi.org\/10.1103\/PhysRevA.97.032341\" target=\"_blank\" rel=\"noopener noreferrer\"><i>Phys. Rev. A <\/i><b>97<\/b>, 032341 (2018)<\/a><\/li>\n<li><em>Quantum gates and simulations with strongly interacting Rydberg atoms, <\/em>D. Petrosyan, <a href=\"https:\/\/ercim-news.ercim.eu\/en112\/special\/quantum-gates-and-simulations-with-strongly-interacting-rydberg-atoms\" target=\"_blank\" rel=\"noopener noreferrer\"><i>ERCIM News <\/i><b>112<\/b>, 31 (2018).<\/a><\/li>\n<li><a href=\"https:\/\/link.aps.org\/doi\/10.1103\/PhysRevA.97.012324\" target=\"_blank\" rel=\"noopener noreferrer\"><em><em><em>Continuous-variable quantum authentication of physical unclonable keys: Security against an emulation attack<\/em><\/em><\/em><\/a><em>,<\/em>\u00a0G. M. Nikolopoulos,<i>\u00a0Phys. Rev. A\u00a0<\/i>\u00a0<strong>97<\/strong>, 012324 (2018).<\/li>\n<li><a href=\"https:\/\/journals.aps.org\/pra\/abstract\/10.1103\/PhysRevA.98.012304\">Photon-assisted quantum state transfer and entanglement generation in spin chains<\/a>, A. Gratsea, G. M. Nikolopoulos, and P. Lambropoulos, Phys. Rev. A <strong>98<\/strong>, 012304 (2018).<\/li>\n<\/ul>\n<p><strong>2017<\/strong><\/p>\n<ul>\n<li><em>Many-body dynamics of holes in a driven, dissipative spin chain of Rydberg superatoms,<\/em> F. Letscher, D. Petrosyan, M. Fleischhauer, <i>New J. Phys. <\/i> (2017).<\/li>\n<li><em>High-fidelity Rydberg quantum gate via a two-atom dark state,<\/em> D. Petrosyan, F. Motzoi, M. Saffman, K. M\u00f8lmer, <a href=\"https:\/\/doi.org\/10.1103\/PhysRevA.96.042306\" target=\"_blank\" rel=\"noopener noreferrer\"><i>Phys. Rev. A <\/i><b>96<\/b>, 042306 (2017),\u00a0<\/a><em><strong>Editors&#8217; Suggestion.<\/strong><\/em><\/li>\n<li><em>Dipolar exchange induced transparency with Rydberg atoms,<b> <\/b><\/em>D. Petrosyan, <a href=\"https:\/\/doi.org\/10.1088\/1367-2630\/aa6170\" target=\"_blank\" rel=\"noopener noreferrer\"><i>New J. Phys. <\/i><b>19<\/b>, 033001 (2017)<\/a>.<\/li>\n<li><a href=\"https:\/\/www.nature.com\/articles\/srep46047\" target=\"_blank\" rel=\"noopener noreferrer\"><em>Continuous-variable quantum authentication of physical unclonable keys<\/em><\/a>, G. M. Nikolopoulos and E. Diamanti, <em>Sci. Rep.\u00a0<\/em> <b>7<\/b>, 46047 (2017).<\/li>\n<li><a href=\"http:\/\/link.aps.org\/doi\/10.1103\/PhysRevA.95.013403\" target=\"_blank\" rel=\"noopener noreferrer\"><em>Creation and transfer of non-classical states of motion using Rydberg dressing of atoms in a lattice<\/em><\/a>, L. F. Buchmann, K. M\u00f8lmer, D. Petrosyan, <em>Phys. Rev. A<\/em> <b>95<\/b>, 013403 (2017), <strong><em>Editors&#8217; Suggestion.<\/em><\/strong><\/li>\n<\/ul>\n<p><strong>2016<\/strong><\/p>\n<ul>\n<li><b>\u00a0<\/b><a href=\"http:\/\/dx.doi.org\/10.1038\/ncomms13070\" target=\"_blank\" rel=\"noopener noreferrer\"><i>Quantum spin transistor with a Heisenberg spin chain,<\/i><\/a> O. V. Marchukov, A. G. Volosniev, M. Valiente, D. Petrosyan, N. T. Zinner,<i> Nature Commun. <\/i><b>7<\/b>, 13070 (2016).<\/li>\n<li><a href=\"http:\/\/link.aps.org\/doi\/10.1103\/PhysRevA.94.012315\"><em>Decision and function problems based on boson sampling<\/em><\/a>, G. M. Nikolopoulos and T. Brougham, Phys. Rev. A <strong>94<\/strong>,\u00a0012315 (2016).<\/li>\n<li><a href=\"http:\/\/link.springer.com\/article\/10.1007\/s11128-016-1287-y\"><em>Evaluation of the performance of two state-transfer Hamiltonians in the presence of static disorder<\/em><\/a>, A. K. Pavlis, G. M. Nikolopoulos, and P. Lambropoulos, Quantum Information Processing <strong>15<\/strong>, 2553 (2016).<\/li>\n<li><em><a href=\"http:\/\/dx.doi.org\/10.1088\/1367-2630\/18\/4\/045011\">Tunable self-assembled spin chains of strongly interacting cold atoms for demonstration of reliable quantum state transfer<\/a>,\u00a0 <\/em>N. J. S. Loft, O. V. Marchukov, D. Petrosyan, N. T. Zinner, <i>New J. Phys. <\/i><b>18<\/b>, 045011 (2016).<\/li>\n<li><em>On the adiabatic preparation of spatially-ordered Rydberg excitations of atoms in a one-dimensional optical lattice by laser frequency sweeps,<\/em> D. Petrosyan, K. M\u00f8lmer, M. Fleischhauer, <a href=\"http:\/\/dx.doi.org\/10.1088\/0953-4075\/49\/8\/084003\" target=\"_blank\" rel=\"noopener noreferrer\"><i>J. Phys. B <\/i><b>49<\/b>, 084003 (2016)<\/a>.<\/li>\n<li><em><a href=\"http:\/\/dx.doi.org\/10.1088\/0953-4075\/49\/9\/094004\">Grover search algorithm with Rydberg-blockaded atoms: Quantum Monte Carlo simulations<\/a>, <\/em>D. Petrosyan, M. Saffman, K. M\u00f8lmer, <i>J. Phys. B <\/i><b>49<\/b>, 094004 (2016).<b><br \/>\n<\/b><\/li>\n<\/ul>\n<p><strong>2015<\/strong><\/p>\n<ul>\n<li><a href=\"http:\/\/dx.doi.org\/10.1073\/pnas.1419326112\"><em>Quantum technologies with hybrid systems<\/em><\/a>, G. Kurizki, P. Bertet, Y. Kubo, K. M\u00f8lmer, D. Petrosyan, P. Rabl, J. Schmiedmayer, <i>PNAS <\/i><b>112<\/b>, 3866 (2015).<\/li>\n<li><a href=\"http:\/\/link.aps.org\/doi\/10.1103\/PhysRevA.91.023620\"><em>Engineering the dynamics of effective spin-chain models for strongly interacting atomic gases<\/em><\/a>, A.G. Volosniev, D. Petrosyan, M. Valiente, D.V. Fedorov, A.S. Jensen, and N.T. Zinner, <i>Phys. Rev. A <\/i><b>91<\/b>, 023620 (2015).<\/li>\n<li><em>Filtering single atoms from Rydberg blockaded mesoscopic ensembles,<\/em> D. Petrosyan, D. D. Bhaktavatsala Rao, K. M\u00f8lmer, <a href=\"http:\/\/link.aps.org\/doi\/10.1103\/PhysRevA.91.043402\" target=\"_blank\" rel=\"noopener noreferrer\"><i>Phys. Rev. A <\/i><b>91<\/b>, 043402 (2015)<\/a>.<\/li>\n<li><em><a href=\"http:\/\/dx.doi.org\/10.1103\/PhysRevA.92.030303\">Long-range quantum gate via Rydberg states of atoms in a thermal microwave cavity<\/a>,<\/em> L. Sarkany, J. Fortagh, D. Petrosyan, <i>Phys. Rev. A <\/i><b>92<\/b>, 030303(R) (2015).<\/li>\n<li><a href=\"http:\/\/stacks.iop.org\/0953-4075\/48\/035505\"><em><span class=\"style_3\">Transfer of optical signals around bends in two-dimensional linear photonic networks<\/span><\/em><\/a><span class=\"style_4\">, <\/span><span class=\"style_5\">G. M. Nikolopoulos, <em>J. Phys. B <\/em><\/span><strong><span class=\"style_6\">47<\/span><\/strong><span class=\"style_5\">,\u00a0 035505 (2015)<\/span><span class=\"style_4\">.<\/span><span class=\"style_8\"><br \/>\n<\/span><\/li>\n<\/ul>\n<p><strong>2014<\/strong><\/p>\n<ul>\n<li><a href=\"http:\/\/www.springer.com\/us\/book\/9783642399367\"><em><span class=\"style_3\">Quantum State Transfer and Network Engineering<\/span><\/em><\/a><em><span class=\"style_3\">, <\/span><\/em>edited by G. M. Nikolopoulos &amp; I. Jex (Springer Verlag, 2014).<\/li>\n<li><a href=\"http:\/\/dx.doi.org\/10.1103\/PhysRevLett.113.123003\"><em>Binding potentials and interaction gates between microwave-dressed Rydberg atoms<\/em><\/a>, D. Petrosyan and K. M\u00f8lmer, <i>Phys. Rev. Lett. <\/i><b>113<\/b>, 123003 (2014).<\/li>\n<li><a href=\"http:\/\/dx.doi.org\/10.1103\/PhysRevA.89.013419\"><em>Assessing the number of atoms in a Rydberg-blockaded mesoscopic ensemble<\/em><\/a>, D. Petrosyan and G.M. Nikolopoulos, <i>Phys. Rev. A <\/i><b>89<\/b>, 013419 (2014).<\/li>\n<\/ul>\n<p><strong>2013<\/strong><\/p>\n<ul>\n<li><em><a href=\"http:\/\/link.aps.org\/doi\/10.1103\/PhysRevA.87.042311\"><span class=\"style_3\">Statistics of a quantum-state-transfer Hamiltonian in the presence of disorder<\/span><\/a>, <\/em>G.M. Nikolopoulos, Phys. Rev. A <strong><span class=\"style_11\">87<\/span><\/strong>, 042311 (2013).<\/li>\n<li><em>Two-dimensional crystals of Rydberg excitations in a resonantly driven lattice gas,<b> <\/b><\/em>D. Petrosyan, <a href=\"http:\/\/link.aps.org\/doi\/10.1103\/PhysRevA.88.043431\" target=\"_blank\" rel=\"noopener noreferrer\"><i>Phys. Rev. A <\/i><b>88<\/b>, 043431 (2013)<\/a>.<\/li>\n<li><em>Dynamics and equilibration of Rydberg excitations in dissipative atomic ensembles,<\/em> D. Petrosyan, <a href=\"http:\/\/dx.doi.org\/10.1088\/0953-4075\/46\/14\/141001\" target=\"_blank\" rel=\"noopener noreferrer\"><i>J. Phys. B <\/i><b>46<\/b>, 141001 (2013)<\/a>.<\/li>\n<li><em>Spatial correlations of Rydberg excitations in optically driven atomic ensembles,<b> <\/b><\/em>D. Petrosyan, M. H\u00f6ning and M. Fleischhauer, <a href=\"http:\/\/link.aps.org\/doi\/10.1103\/PhysRevA.87.053414\" target=\"_blank\" rel=\"noopener noreferrer\"><i>Phys. Rev. A <\/i><b>87<\/b>, 053414 (2013).<\/a><\/li>\n<li><em>Stimulated adiabatic passage in a dissipative ensemble of atoms with strong Rydberg-state interactions,<\/em> D. Petrosyan and K. M\u00f8lmer, <a href=\"http:\/\/link.aps.org\/doi\/10.1103\/PhysRevA.87.033416\" target=\"_blank\" rel=\"noopener noreferrer\"><i>Phys. Rev. A <\/i><b>87<\/b>, 033416 (2013)<\/a><\/li>\n<li><em>Steady-state crystallization of Rydberg excitations in an optically driven lattice gas,<\/em> M. H\u00f6ning, D. Muth, D. Petrosyan and M. Fleischhauer, <a href=\"http:\/\/link.aps.org\/doi\/10.1103\/PhysRevA.87.023401\" target=\"_blank\" rel=\"noopener noreferrer\"><i>Phys. Rev. A <\/i><b>87<\/b>, 023401 (2013)<\/a><\/li>\n<\/ul>\n<p><strong>2012<\/strong><\/p>\n<ul>\n<li><em>\u00a0<a href=\"http:\/\/www.opticsinfobase.org\/ol\/abstract.cfm?URI=ol-37-21-4504\"><span class=\"style_12\">Faithful communication Hamiltonian in photonic lattices<\/span><\/a>, <\/em>M. Bellec, G.M. Nikolopoulos and S. Tzortzakis, Optics Letters <em><strong><span class=\"style_11\">37<\/span><\/strong>, <\/em>4504<em> (<\/em>2012<em>).<\/em><\/li>\n<li><a href=\"http:\/\/link.aps.org\/doi\/10.1103\/PhysRevA.85.062319\"> <span class=\"style_3\">Analysis and minimization of bending losses in discrete quantum networks<\/span><\/a><span class=\"style_13\">, G.M. Nikolopoulos, A. Hoskovec, and I. Jex, Phys. Rev. A <\/span><strong><span class=\"style_14\">85<\/span><\/strong><span class=\"style_13\">, 062319 (2012).<\/span><\/li>\n<li><em><a href=\"http:\/\/link.aps.org\/doi\/10.1103\/PhysRevA.85.022342\"><span class=\"style_3\">Symmetries and security of a quantum-public-key encryption scheme based on single-qubit rotations<\/span><\/a><\/em><span class=\"style_13\">, U. Seyfarth, G.M. Nikolopoulos, and G. Alber, Phys. Rev. A <\/span><strong><span class=\"style_14\">85<\/span><\/strong><span class=\"style_13\">, 022342 (2012).<\/span><\/li>\n<li><em><a href=\"http:\/\/link.aps.org\/doi\/10.1103\/PhysRevA.86.012310\">Optimizing inhomogeneous spin ensembles for quantum memory<\/a><\/em>, G. Bensky, D. Petrosyan, J. Majer, J. Schmiedmayer and G. Kurizki, <i>Phys. Rev. A <\/i><b>86<\/b>, 012310 (2012).<\/li>\n<li><em>Dynamics and evaporation of defects in Mott-insulating clusters of boson pairs, <\/em>D. Muth, D. Petrosyan and M. Fleischhauer, <a href=\"http:\/\/link.aps.org\/doi\/10.1103\/PhysRevA.85.013615\" target=\"_blank\" rel=\"noopener noreferrer\"><i>Phys. Rev. A <\/i><b>85<\/b>, 013615 (2012).<\/a><\/li>\n<\/ul>\n<p><strong>2011<\/strong><\/p>\n<ul>\n<li><em>\u00a0<a href=\"http:\/\/link.aps.org\/doi\/10.1103\/PhysRevA.83.022323\"><span class=\"style_3\">Perfect transfer of multiple excitations in quantum networks<\/span><\/a>, <\/em>T. Brougham, G.M. Nikolopoulos, and I. Jex, Phys. Rev. A <strong><span class=\"style_11\">83<\/span><\/strong>, 022323 (2011).<\/li>\n<li><a href=\"http:\/\/dx.doi.org\/10.1007\/s11128-011-0302-6\"><em>Controlling quantum information processing in hybrid systems on chips<\/em><\/a>, G. Bensky, R. Ams\u00fcss, J. Majer, D. Petrosyan, J. Schmiedmayer and G. Kurizki, <i>Quantum Inf. Process. <\/i><b>10<\/b>, 1037 (2011).<\/li>\n<li><em><a href=\"http:\/\/link.aps.org\/doi\/10.1103\/PhysRevA.83.033806\">Strongly interacting photons in hollow-core waveguides<\/a><\/em>, E. Shahmoon, G. Kurizki, M. Fleischhauer and D. Petrosyan, <i>Phys. Rev. A <\/i><b>83<\/b>, 033806 (2011).<\/li>\n<li><em>Electromagnetically induced transparency with Rydberg atoms,<\/em> D. Petrosyan, J. Otterbach and M. Fleischhauer, <a href=\"http:\/\/link.aps.org\/doi\/10.1103\/PhysRevLett.107.213601\" target=\"_blank\" rel=\"noopener noreferrer\"><i>Phys. Rev. Lett. <\/i><b>107<\/b>, 213601 (2011).<\/a><\/li>\n<\/ul>\n<p><strong>2010<\/strong><\/p>\n<ul>\n<li><em>\u00a0<a href=\"http:\/\/link.aps.org\/doi\/10.1103\/PhysRevA.81.042307\"><span class=\"style_12\">State transfer in static and dynamic spin chains with disorder<\/span><\/a>, <\/em>D. Petrosyan, G.M. Nikolopoulos, and P. Lambropoulos, Phys. Rev. A <strong><span class=\"style_11\">81<\/span><\/strong>, 042307 (2010).<\/li>\n<li><em>Atom number filter in an optical lattice, <\/em>G.M. Nikolopoulos and D. Petrosyan, <a href=\"http:\/\/dx.doi.org\/10.1088\/0953-4075\/43\/13\/131001\" target=\"_blank\" rel=\"noopener noreferrer\"><i>J. Phys. B <\/i><b>43<\/b>, 131001 (2010)<\/a>.<\/li>\n<li><em>Comment on &#8220;Coherent shift of localized bound pairs in the Bose-Hubbard model&#8221;, <\/em>M. Valiente, D. Petrosyan and A. Saenz, <a href=\"http:\/\/link.aps.org\/doi\/10.1103\/PhysRevA.81.066101\" target=\"_blank\" rel=\"noopener noreferrer\"><i>Phys. Rev. A <\/i><b>81<\/b>, 066101 (2010)<\/a>.<\/li>\n<li><em>Three-body bound states in a lattice,<\/em> M. Valiente, D. Petrosyan and A. Saenz, <a href=\"http:\/\/link.aps.org\/doi\/10.1103\/PhysRevA.81.011601\" target=\"_blank\" rel=\"noopener noreferrer\"><i>Phys. Rev. A <\/i><b>81<\/b>, 011601(R) (2010)<\/a><\/li>\n<\/ul>\n<p><strong>2009<\/strong><\/p>\n<ul>\n<li><em>\u00a0<a href=\"http:\/\/pra.aps.org\/abstract\/PRA\/v80\/i4\/e052325\"><span class=\"style_12\">Communication in quantum networks of logical bus topology<\/span><\/a>, <\/em>T. Brougham, G.M. Nikolopoulos and I. Jex, Phys. Rev. A <strong><span class=\"style_11\">80<\/span><\/strong>, 052325 (2009).<\/li>\n<li><a href=\"http:\/\/link.aps.org\/doi\/10.1103\/PhysRevA.79.042327\"><span class=\"style_3\">Deterministic quantum-public-key encryption: Forward search attack and randomization<\/span><\/a><span class=\"style_13\">, G.M. Nikolopoulos and L. M. Ioannou, Phys. Rev. A <\/span><strong><span class=\"style_14\">79<\/span><\/strong><span class=\"style_13\">, 042327 (2009).<\/span><\/li>\n<li><a href=\"http:\/\/link.aps.org\/abstract\/PRA\/v79\/e040304\"><em>Reversible state transfer between superconducting qubits and atomic ensembles<\/em><\/a><em>, <\/em>D. Petrosyan, G. Bensky, G. Kurizki, I. Mazets, J. Majer and J. Schmiedmayer, <i>Phys. Rev. A <\/i><b>79<\/b>, 040304(R) (2009), <strong>Selected for <\/strong><a href=\"http:\/\/dx.doi.org\/10.1038\/nphys1292\" target=\"_blank\" rel=\"noopener noreferrer\">Research Highlights, <i>Nature Physics <\/i><strong> 5<\/strong>, 376 (2009)<\/a>.<\/li>\n<li><em>Attractively bound pairs of atoms in the Bose-Hubbard model and antiferromagnetism, <\/em>B. Schmidt, M. Bortz, S. Eggert, M. Fleischhauer and D. Petrosyan, <a href=\"http:\/\/link.aps.org\/abstract\/PRA\/v79\/e063634\" target=\"_blank\" rel=\"noopener noreferrer\"><i>Phys. Rev. A <\/i><b>79<\/b>, 063634 (2009).<\/a><\/li>\n<li><em>Scattering resonances and two-particle bound states of the extended Hubbard model,<\/em> M. Valiente and D. Petrosyan, <a href=\"http:\/\/dx.doi.org\/10.1088\/0953-4075\/42\/12\/121001\" target=\"_blank\" rel=\"noopener noreferrer\"><i>J. Phys. B <\/i><b>42<\/b>, 121001 (2009)<\/a>, <strong>Selected for <\/strong><a href=\"http:\/\/iopscience.iop.org\/0953-4075\/page\/Highlights%20of%202009\" target=\"_blank\" rel=\"noopener noreferrer\"><i>J. Phys. B&#8217;s<\/i> 2009 Highlights.<\/a><\/li>\n<\/ul>\n<p><strong>2008<\/strong><\/p>\n<ul>\n<li><em>\u00a0<a href=\"http:\/\/link.aps.org\/abstract\/PRL\/v101\/e200502\"><span class=\"style_3\">Directional coupling for quantum computing and communication<\/span><\/a><span class=\"style_13\">,<\/span><\/em><span class=\"style_13\"> G.M. Nikolopoulos, Phys. Rev. Lett. <\/span><strong><span class=\"style_14\">101<\/span><\/strong><span class=\"style_13\">, 200502 (2008).<\/span><\/li>\n<li>\n<p class=\"paragraph_style_7\"><em><a href=\"http:\/\/link.aps.org\/doi\/10.1103\/PhysRevA.77.032348\"><span class=\"style_3\">Applications of single-qubit rotations in quantum public-key cryptography<\/span><\/a><\/em><span class=\"style_13\">, G.M. Nikolopoulos, Phys. Rev. A <\/span><strong><span class=\"style_14\">77<\/span><\/strong><span class=\"style_13\">, 032348 (2008).<\/span><\/p>\n<\/li>\n<li>\n<p class=\"paragraph_style_7\"><em><a href=\"http:\/\/link.aps.org\/abstract\/PRL\/v100\/e170501\">Quantum information processing with single photons and atomic ensembles in microwave coplanar waveguide resonators<\/a>, <\/em>D. Petrosyan and M. Fleischhauer, <i>Phys. Rev. Lett. <\/i><b>100<\/b>, 170501 (2008).<\/p>\n<\/li>\n<li>\n<p class=\"paragraph_style_7\"><em>Two-particle states in the Hubbard model,<\/em> M. Valiente and D. Petrosyan, <a href=\"http:\/\/dx.doi.org\/10.1088\/0953-4075\/41\/16\/161002\" target=\"_blank\" rel=\"noopener noreferrer\"><i>J. Phys. B <\/i><b>41<\/b>, 161002 (2008),\u00a0<\/a><strong>Selected for <i><\/i><\/strong><a href=\"http:\/\/iopscience.iop.org\/0953-4075\/page\/2008%20Highlights\" target=\"_blank\" rel=\"noopener noreferrer\"><i>J. Phys. B&#8217;s<\/i><\/a><strong><a href=\"http:\/\/iopscience.iop.org\/0953-4075\/page\/2008%20Highlights\" target=\"_blank\" rel=\"noopener noreferrer\"> 2008 Highlights<\/a><\/strong>.<\/p>\n<\/li>\n<li>\n<p class=\"paragraph_style_7\"><em>Quantum dynamics of one and two bosonic atoms in a combined tight-binding periodic and weak parabolic potential,<b> <\/b><\/em>M. Valiente and D. Petrosyan, <a href=\"http:\/\/dx.doi.org\/10.1209\/0295-5075\/83\/30007\" target=\"_blank\" rel=\"noopener noreferrer\"><i>Europhys. Lett. <\/i><b>83<\/b>, 30007 (2008)<\/a>.<\/p>\n<\/li>\n<\/ul>\n","protected":false},"excerpt":{"rendered":"<p>2020 Controlling the dipole blockade and ionization rate of Rydberg atoms in strong electric fields,\u00a0M. Stecker, R. Nold, L.-M. Steinert, J. Grimmel, D. Petrosyan, J. Fort\u00e1gh, A. G\u00fcnther, Phys. Rev. Lett. 125, 103602 (2020). Coherent population oscillations and an effective spin-exchange interaction in a PT symmetric polariton mixture, P. A. Kalozoumis, G. M. Nikolopoulos, D. &hellip; <a href=\"https:\/\/www.quantum-technology.gr\/index.php\/publications-2\/\" class=\"more-link\">Continue reading <span class=\"screen-reader-text\">Publications<\/span> <span class=\"meta-nav\">&rarr;<\/span><\/a><\/p>\n","protected":false},"author":1,"featured_media":0,"parent":0,"menu_order":0,"comment_status":"closed","ping_status":"closed","template":"","meta":{"footnotes":""},"class_list":["post-69","page","type-page","status-publish","hentry"],"_links":{"self":[{"href":"https:\/\/www.quantum-technology.gr\/index.php\/wp-json\/wp\/v2\/pages\/69","targetHints":{"allow":["GET"]}}],"collection":[{"href":"https:\/\/www.quantum-technology.gr\/index.php\/wp-json\/wp\/v2\/pages"}],"about":[{"href":"https:\/\/www.quantum-technology.gr\/index.php\/wp-json\/wp\/v2\/types\/page"}],"author":[{"embeddable":true,"href":"https:\/\/www.quantum-technology.gr\/index.php\/wp-json\/wp\/v2\/users\/1"}],"replies":[{"embeddable":true,"href":"https:\/\/www.quantum-technology.gr\/index.php\/wp-json\/wp\/v2\/comments?post=69"}],"version-history":[{"count":22,"href":"https:\/\/www.quantum-technology.gr\/index.php\/wp-json\/wp\/v2\/pages\/69\/revisions"}],"predecessor-version":[{"id":391,"href":"https:\/\/www.quantum-technology.gr\/index.php\/wp-json\/wp\/v2\/pages\/69\/revisions\/391"}],"wp:attachment":[{"href":"https:\/\/www.quantum-technology.gr\/index.php\/wp-json\/wp\/v2\/media?parent=69"}],"curies":[{"name":"wp","href":"https:\/\/api.w.org\/{rel}","templated":true}]}}